s the tens digit of w?
8
Suppose 6*k = -43 + 151. What is the units digit of k?
8
Suppose -4*z + n = -0*n - 124, 5*z + 5*n = 130. Let j be (-4)/(-6) - z/(-9). What is the units digit of j/6*30/4?
5
Let y(v) = 10*v - 21. What is the hundreds digit of y(13)?
1
Suppose -5*i + 3*q + 10 = 0, 12 = 4*i + 3*q + 4. Suppose -8*v - i*p = -3*v - 61, -5*v + 57 = 4*p. What is the tens digit of v?
1
Suppose -3*n + 4*f + 89 = -0*n, -4*n + 2*f + 112 = 0. Let a = -18 + n. What is the units digit of a?
9
Suppose t - 4*w = -9, 3*t - 5*w - 20 = 8*t. What is the units digit of (t - -4)/(3/(-6))?
2
Suppose 6*a - 15 = 3*a. Suppose l = 2*l - a. Let s = 0 + l. What is the units digit of s?
5
Let g = -5 + 5. Let u be g/(0 - (-4)/(-2)). Suppose u = -v - 3*k + 15, -4*k + 8 = -0*k. What is the units digit of v?
9
What is the hundreds digit of (-1 + -6)*-15 + 4?
1
Let m = -9 - -23. What is the units digit of m?
4
Suppose -10 = -2*b + 4. What is the units digit of b?
7
Let y be 2*(6/4)/1. What is the units digit of y/(-2) - (-190)/20?
8
Suppose k = b + 4*b + 30, -5 = 3*k + 4*b. Let h = -3 + k. Suppose 0 = v - h - 3. What is the units digit of v?
5
Let j(x) = x**2 - 4*x. Let u be j(5). What is the units digit of 1 + 1 + 2*u?
2
Let s(z) = z**2 + 7*z + 8. Let i be s(-6). Let f(t) = 6*t**2 - 2*t**2 + 3*t**2 + 3 + t**3 - t**i. What is the units digit of f(-6)?
3
Suppose 0 = n - 5*n + 20. Suppose n*i - 18 = 4*i. What is the tens digit of i?
1
Let z = -62 - -282. What is the units digit of z?
0
Suppose -2*v + 148 + 14 = 0. What is the units digit of v?
1
Let j = -72 + -14. Let o = -37 - j. What is the tens digit of o?
4
Let i = 30 + 6. What is the tens digit of i?
3
Let c(r) = r**3 + 5*r**2 + 4*r + 6. Let q be c(-4). Suppose -q - 4 = -2*z. What is the units digit of z/(-2)*24/(-15)?
4
Let i(t) = -t - 5. Let m = 3 + 5. Let a be (-3)/((-2)/m*-2). What is the units digit of i(a)?
1
Let c(w) = 2*w**2 - 2*w - 1. Let o be c(-1). Suppose 0 = -l + 2*j + 11, 6*l - o*j = l + 27. What is the units digit of l?
3
Let d(y) = 17*y**2 + 2*y + 3. What is the units digit of d(-2)?
7
Let j = 1 - 3. Let n = j - -5. Suppose 5*t - 22 = n*t. What is the tens digit of t?
1
Suppose 0*c = l - 2*c, -4*l = 3*c - 11. Suppose 4*k + l*a - 88 = -4, -3*k + 74 = -4*a. What is the tens digit of k?
2
Let w be -3*((-51)/(-9) - -1). Let p = 14 - w. What is the units digit of p?
4
Suppose 7*k = 6*k + 2. Suppose 6*m = k*m + 56. What is the tens digit of m?
1
Let m(j) = j**2 - 8*j + 4. Let h be m(8). Suppose 4*l - 23 = -3*a, l + 69 = a + h*a. What is the tens digit of a?
1
Suppose 5*r = 2*r - s + 159, 3*s = 0. Let a = -28 + r. What is the units digit of a?
5
Let q = -82 + 202. What is the units digit of q?
0
Let j = 3 + 0. Suppose 3*d + 0 = j. What is the units digit of d?
1
Let p(k) = -k**3 - k + 8. Let x be p(0). Let n(o) = o**3 - 7*o**2 - 6*o + 8. What is the tens digit of n(x)?
2
Let q = 22 + -14. Let k = -6 + q. What is the units digit of k?
2
Suppose -3*s + 19 = -3*z - 17, 3*s - 16 = -z. Suppose -2*r = 5 + 7. Let p = r + s. What is the units digit of p?
1
Let v be 0/(1 - 1 - 2). Suppose 0 = r - v*r. Suppose -2*w - 2*h + 20 = r, -32 = 2*w - 5*w - 2*h. What is the units digit of w?
2
Let r = 63 + -22. What is the units digit of r?
1
Let x = 7 - 1. What is the units digit of x?
6
Let s(t) = t. Let u = 2 + -2. Let a = 2 - u. What is the units digit of s(a)?
2
Let s = 2 + 2. Suppose -s*x + 5*c + 51 = 0, -x - 3*c + 6*c = -4. What is the units digit of x?
9
Let d(c) be the third derivative of -c**5/60 - c**4/2 - 7*c**3/6 - 3*c**2. What is the units digit of d(-10)?
3
Suppose 0*a - 210 = -6*a. What is the units digit of a?
5
What is the tens digit of (-745)/(-30) + 1/6?
2
Let x be 2*(3 + -1)*-1. Let l(y) = -4*y**2 - y**3 - 2*y - 7 + 1 + 0*y**3. What is the units digit of l(x)?
2
Let t = 78 + -8. Let a = t + -39. What is the units digit of a?
1
Let n be 186/4 + (-21)/14. What is the tens digit of ((-2)/(-5))/(1/n)?
1
Let s(i) = -30*i**3 - i**2 - i. What is the units digit of s(-1)?
0
Let q = -21 - -7. Let v = 59 + q. Suppose v = 2*n - o + 4*o, 3*n - o - 40 = 0. What is the units digit of n?
5
Let k(s) = 2*s + 5*s**3 + s**2 - 5*s**3 - 1 - s**3. What is the units digit of k(-2)?
7
Suppose 50 = -6*x + 7*x. What is the tens digit of x?
5
Suppose -4*o + 2 = -3*o. What is the units digit of 1*(o + 7 - 0)?
9
What is the tens digit of (46/4)/(1/2)?
2
Let v(o) = 2*o**2 + 36*o + 42. What is the units digit of v(-17)?
8
Let a(l) = -l + 5. Let r be a(0). Let u = r + -4. What is the units digit of u?
1
Let h(q) = -q**2 + 14*q - 13. Let m be h(12). Let o = m - 0. What is the units digit of o?
1
Let y be (-1449)/(-39) - 14/91. Let t = 2 + y. What is the tens digit of t?
3
What is the units digit of 4*-15*1/(-12)?
5
Let v(l) = -l**2 + 42. Let w be v(0). Let d = 61 - w. What is the tens digit of d?
1
Suppose 2*v - 41 = 17. Suppose l - 5 = 0, v = 3*y + l - 0. What is the units digit of y?
8
Let x(s) be the second derivative of s**3/2 - 4*s. Let b be x(1). Suppose 4*v - 69 + 0 = -5*d, b*v = d + 47. What is the tens digit of v?
1
Let z(y) = -y**3 + 18*y**2 + 22*y + 11. What is the tens digit of z(19)?
6
Let s(t) = -t + 4. Let l be s(4). Suppose l = -k - a - 7, -2*k - 5*a - 14 = 3. Let r = k - -12. What is the units digit of r?
6
Let w be (-12 - -3)/((-3)/2). Let i(k) = k - 6. Let d be i(w). Suppose 2 = -2*v, 2*v - 4 = -3*x - d*v. What is the units digit of x?
2
Let a(l) = -5*l - 2. What is the units digit of a(-13)?
3
Let o be (2 - 5)/(3/2). What is the units digit of o/4 + 38/4?
9
Let j = 104 - -16. What is the tens digit of j?
2
Suppose 0 = -5*x + 346 - 51. Let l = -33 + x. What is the tens digit of l?
2
Let n(y) = y**2 - 6*y + 5. Let i be n(6). Suppose -i = t + 3. Let o = 11 + t. What is the units digit of o?
3
Let b(a) be the second derivative of -a**5/10 + a**4/24 + a**3/2 + 3*a. Let y(i) be the second derivative of b(i). What is the units digit of y(-1)?
3
Let s(q) = -q**3 - 6*q**2 - 2*q + 3. What is the tens digit of s(-6)?
1
Let i(c) = c**3 + 10*c**2 - 4*c + 52. What is the tens digit of i(-8)?
1
Suppose -23 = -4*r - 0*w - 5*w, r + 10 = 4*w. Let b(y) = -y**r + 4*y - y**2 + 0*y**2 + y**3 - 3. What is the units digit of b(2)?
5
Let f(c) = -2*c**3 - 2*c**2 + 3*c + 2. What is the tens digit of f(-3)?
2
Suppose -y = -2*z - 198, 3*y - 2*z - 246 - 332 = 0. What is the hundreds digit of y?
1
Let h(q) = -q**2 - 36*q - 50. What is the units digit of h(-25)?
5
Let g(p) = -p**3 - 4*p**2 - 2*p - 6. Let i be g(-4). Suppose 3*t + i*t - 205 = 0. What is the units digit of t?
1
Let m = -110 + 194. Let w be 6/4*m/9. Suppose 5*k - 3*a = 25 + w, -4*a = -4*k + 36. What is the units digit of k?
6
Suppose -5*g = -2*m + 4*m + 8, -5*g = 10. Let z(o) = 18*o - 1. Let s be z(m). Let x = -12 + s. What is the units digit of x?
5
Let m be 222/42 + 2/(-7). Let t = m - 5. Suppose 4*x - 18 - 6 = t. What is the units digit of x?
6
Suppose -5*t = 5*y - 3*t, 0 = 3*y - 5*t - 31. Suppose -b + 5*z - 2 = 0, z - 16 = -y*b - 3*b. What is the units digit of b?
3
Let c(m) = m + 13. Let t be c(-12). Let v = 6 - t. What is the units digit of v?
5
Let p(i) = 3*i**3 + 3*i**3 - 6 - 5*i**3 - 5*i - 4*i**2. Let f be p(5). Let q = 10 + f. What is the units digit of q?
4
Suppose -7 = 5*h + 3. What is the units digit of 20*h*2/(-8)?
0
Let r(g) = -g - 10. Let y be r(-15). Let d = y + 27. What is the tens digit of d?
3
Let z = -1 - -4. Suppose -3*j - z = -9. Suppose -5*b - j*r + 29 = 0, -2*b + 18 = b + r. What is the units digit of b?
7
Let i(o) be the second derivative of -o**5/20 - o**4/12 - o**3/6 - o**2 - o. Let d be i(0). Let s = d + 5. What is the units digit of s?
3
Suppose 3*d = 3*p + 153, -5*d = 4*p - p - 279. What is the tens digit of d?
5
Suppose -5*l - 3*m - 120 = 0, -2*l = 3*l + m + 120. What is the units digit of (11/22)/((-1)/l)?
2
Let j be (30/(-4))/(2/(-4)). What is the units digit of (-3 - 0)*(-50)/j?
0
Suppose 0 = 5*c - 28 + 3. Suppose -2*q = -6*q - 3*r + 107, -c*q = -r - 110. What is the units digit of q?
3
Let t(b) = -35*b**2 + b + 1. Let d be t(-1). Let x = d + 50. What is the tens digit of x?
1
Let x be (6/8)/((-2)/(-8)). Suppose 3*t - 2*l = -121, -x*t = -0*l - l + 125. What is the units digit of (-2)/(-5) - t/5?
9
Let v = 364 - 253. What is the hundreds digit of v?